Dec 01 13:08:22.561 INFO testing jvanbruegge/rust-raytracer-assignment against master#8940af3cea4a9a9deabcaf843b2f8cad9a83fc61 for beta-1.31-5
Dec 01 13:08:22.561 INFO running `"docker" "create" "-v" "/mnt/big/crater/work/local/target-dirs/beta-1.31-5/worker-5/master#8940af3cea4a9a9deabcaf843b2f8cad9a83fc61:/target:rw,Z" "-v" "/mnt/big/crater/work/local/test-source/worker-5/beta-1.31-5/master#8940af3cea4a9a9deabcaf843b2f8cad9a83fc61:/source:ro,Z" "-v" "/mnt/big/crater/work/local/cargo-home:/cargo-home:ro,Z" "-v" "/mnt/big/crater/work/local/rustup-home:/rustup-home:ro,Z" "-e" "USER_ID=1000" "-e" "SOURCE_DIR=/source" "-e" "USER_ID=1000" "-e" "CMD=cargo +8940af3cea4a9a9deabcaf843b2f8cad9a83fc61-alt build --frozen" "-e" "CARGO_TARGET_DIR=/target" "-e" "CARGO_INCREMENTAL=0" "-e" "RUST_BACKTRACE=full" "-e" "RUSTFLAGS=--cap-lints=warn" "-e" "CARGO_HOME=/cargo-home" "-e" "RUSTUP_HOME=/rustup-home" "-m" "1536M" "--network" "none" "crater"`
Dec 01 13:08:23.021 INFO [stdout] 08b877ff8546efddbca1be11fbabb1a93e2d386d1470a8ba945239d89a050ddf
Dec 01 13:08:23.027 INFO running `"docker" "start" "-a" "08b877ff8546efddbca1be11fbabb1a93e2d386d1470a8ba945239d89a050ddf"`
Dec 01 13:08:23.961 INFO [stderr] usermod: no changes
Dec 01 13:08:24.251 INFO [stderr]    Compiling vulkano v0.10.0
Dec 01 13:08:24.256 INFO [stderr]    Compiling vk-sys v0.3.3
Dec 01 13:08:24.256 INFO [stderr]    Compiling half v1.3.0
Dec 01 13:08:24.258 INFO [stderr]    Compiling quote v0.6.8
Dec 01 13:08:24.263 INFO [stderr]    Compiling crossbeam-deque v0.5.2
Dec 01 13:08:24.263 INFO [stderr]    Compiling glsl-to-spirv v0.1.7
Dec 01 13:08:24.271 INFO [stderr]    Compiling crossbeam-channel v0.2.6
Dec 01 13:08:29.815 INFO [stderr]    Compiling crossbeam v0.4.1
Dec 01 13:08:32.017 INFO [stderr]    Compiling syn v0.14.9
Dec 01 13:09:03.081 INFO [stderr] error: failed to run custom build command for `glsl-to-spirv v0.1.7`
Dec 01 13:09:03.081 INFO [stderr] process didn't exit successfully: `/target/debug/build/glsl-to-spirv-9b2ad06b65530251/build-script-build` (exit code: 101)
Dec 01 13:09:03.081 INFO [stderr] --- stdout
Dec 01 13:09:03.081 INFO [stderr] cargo:rerun-if-changed=build/glslangValidator.exe
Dec 01 13:09:03.081 INFO [stderr] running: "cmake" "/cargo-home/registry/src/github.com-1ecc6299db9ec823/glsl-to-spirv-0.1.7/glslang" "-DCMAKE_INSTALL_PREFIX=/target/debug/build/glsl-to-spirv-0047e85bf69d2707/out" "-DCMAKE_C_FLAGS= -ffunction-sections -fdata-sections -fPIC -m64" "-DCMAKE_C_COMPILER=/usr/bin/cc" "-DCMAKE_CXX_FLAGS= -ffunction-sections -fdata-sections -fPIC -m64" "-DCMAKE_CXX_COMPILER=/usr/bin/c++" "-DCMAKE_BUILD_TYPE=Debug"
Dec 01 13:09:03.081 INFO [stderr] -- The C compiler identification is GNU 5.4.0
Dec 01 13:09:03.081 INFO [stderr] -- The CXX compiler identification is GNU 5.4.0
Dec 01 13:09:03.081 INFO [stderr] -- Check for working C compiler: /usr/bin/cc
Dec 01 13:09:03.081 INFO [stderr] -- Check for working C compiler: /usr/bin/cc -- works
Dec 01 13:09:03.081 INFO [stderr] -- Detecting C compiler ABI info
Dec 01 13:09:03.081 INFO [stderr] -- Detecting C compiler ABI info - done
Dec 01 13:09:03.081 INFO [stderr] -- Detecting C compile features
Dec 01 13:09:03.081 INFO [stderr] -- Detecting C compile features - done
Dec 01 13:09:03.081 INFO [stderr] -- Check for working CXX compiler: /usr/bin/c++
Dec 01 13:09:03.081 INFO [stderr] -- Check for working CXX compiler: /usr/bin/c++ -- works
Dec 01 13:09:03.081 INFO [stderr] -- Detecting CXX compiler ABI info
Dec 01 13:09:03.081 INFO [stderr] -- Detecting CXX compiler ABI info - done
Dec 01 13:09:03.081 INFO [stderr] -- Detecting CXX compile features
Dec 01 13:09:03.081 INFO [stderr] -- Detecting CXX compile features - done
Dec 01 13:09:03.081 INFO [stderr] -- Google Mock was not found - tests based on that will not build
Dec 01 13:09:03.081 INFO [stderr] -- Configuring done
Dec 01 13:09:03.081 INFO [stderr] -- Generating done
Dec 01 13:09:03.081 INFO [stderr] -- Build files have been written to: /target/debug/build/glsl-to-spirv-0047e85bf69d2707/out/build
Dec 01 13:09:03.081 INFO [stderr] running: "cmake" "--build" "." "--target" "install" "--config" "Debug" "--"
Dec 01 13:09:03.081 INFO [stderr] Scanning dependencies of target OSDependent
Dec 01 13:09:03.081 INFO [stderr] [  1%] Building CXX object glslang/OSDependent/Unix/CMakeFiles/OSDependent.dir/ossource.cpp.o
Dec 01 13:09:03.081 INFO [stderr] Scanning dependencies of target OGLCompiler
Dec 01 13:09:03.081 INFO [stderr] Scanning dependencies of target glslang-default-resource-limits
Dec 01 13:09:03.082 INFO [stderr] Scanning dependencies of target SPVRemapper
Dec 01 13:09:03.082 INFO [stderr] [  3%] Building CXX object StandAlone/CMakeFiles/glslang-default-resource-limits.dir/ResourceLimits.cpp.o
Dec 01 13:09:03.082 INFO [stderr] [  5%] Building CXX object SPIRV/CMakeFiles/SPVRemapper.dir/SPVRemapper.cpp.o
Dec 01 13:09:03.082 INFO [stderr] Scanning dependencies of target HLSL
Dec 01 13:09:03.082 INFO [stderr] [  7%] Building CXX object SPIRV/CMakeFiles/SPVRemapper.dir/doc.cpp.o
Dec 01 13:09:03.082 INFO [stderr] [  8%] Building CXX object hlsl/CMakeFiles/HLSL.dir/hlslAttributes.cpp.o
Dec 01 13:09:03.082 INFO [stderr] [ 10%] Building CXX object OGLCompilersDLL/CMakeFiles/OGLCompiler.dir/InitializeDll.cpp.o
Dec 01 13:09:03.082 INFO [stderr] [ 12%] Linking CXX static library libOSDependent.a
Dec 01 13:09:03.082 INFO [stderr] [ 12%] Built target OSDependent
Dec 01 13:09:03.082 INFO [stderr] [ 14%] Building CXX object hlsl/CMakeFiles/HLSL.dir/hlslParseHelper.cpp.o
Dec 01 13:09:03.082 INFO [stderr] [ 15%] Linking CXX static library libOGLCompiler.a
Dec 01 13:09:03.082 INFO [stderr] [ 15%] Built target OGLCompiler
Dec 01 13:09:03.082 INFO [stderr] [ 17%] Building CXX object hlsl/CMakeFiles/HLSL.dir/hlslScanContext.cpp.o
Dec 01 13:09:03.082 INFO [stderr] [ 19%] Linking CXX static library libglslang-default-resource-limits.a
Dec 01 13:09:03.082 INFO [stderr] [ 19%] Built target glslang-default-resource-limits
Dec 01 13:09:03.082 INFO [stderr] [ 21%] Building CXX object hlsl/CMakeFiles/HLSL.dir/hlslOpMap.cpp.o
Dec 01 13:09:03.082 INFO [stderr] [ 22%] Building CXX object hlsl/CMakeFiles/HLSL.dir/hlslTokenStream.cpp.o
Dec 01 13:09:03.082 INFO [stderr] [ 24%] Building CXX object hlsl/CMakeFiles/HLSL.dir/hlslGrammar.cpp.o
Dec 01 13:09:03.082 INFO [stderr] [ 26%] Building CXX object hlsl/CMakeFiles/HLSL.dir/hlslParseables.cpp.o
Dec 01 13:09:03.082 INFO [stderr] hlsl/CMakeFiles/HLSL.dir/build.make:110: recipe for target 'hlsl/CMakeFiles/HLSL.dir/hlslScanContext.cpp.o' failed
Dec 01 13:09:03.082 INFO [stderr] [ 28%] Linking CXX static library libSPVRemapper.a
Dec 01 13:09:03.082 INFO [stderr] [ 28%] Built target SPVRemapper
Dec 01 13:09:03.082 INFO [stderr] CMakeFiles/Makefile2:1410: recipe for target 'hlsl/CMakeFiles/HLSL.dir/all' failed
Dec 01 13:09:03.082 INFO [stderr] Makefile:138: recipe for target 'all' failed
Dec 01 13:09:03.082 INFO [stderr] 
Dec 01 13:09:03.082 INFO [stderr] --- stderr
Dec 01 13:09:03.082 INFO [stderr] c++: internal compiler error: Killed (program cc1plus)
Dec 01 13:09:03.082 INFO [stderr] Please submit a full bug report,
Dec 01 13:09:03.082 INFO [stderr] with preprocessed source if appropriate.
Dec 01 13:09:03.082 INFO [stderr] See <file:///usr/share/doc/gcc-5/README.Bugs> for instructions.
Dec 01 13:09:03.082 INFO [stderr] make[2]: *** [hlsl/CMakeFiles/HLSL.dir/hlslScanContext.cpp.o] Error 4
Dec 01 13:09:03.082 INFO [stderr] make[2]: *** Waiting for unfinished jobs....
Dec 01 13:09:03.082 INFO [stderr] make[1]: *** [hlsl/CMakeFiles/HLSL.dir/all] Error 2
Dec 01 13:09:03.082 INFO [stderr] make: *** [all] Error 2
Dec 01 13:09:03.082 INFO [stderr] thread 'main' panicked at '
Dec 01 13:09:03.082 INFO [stderr] command did not execute successfully, got: exit code: 2
Dec 01 13:09:03.082 INFO [stderr] 
Dec 01 13:09:03.082 INFO [stderr] build script failed, must exit now', /cargo-home/registry/src/github.com-1ecc6299db9ec823/cmake-0.1.35/src/lib.rs:778:5
Dec 01 13:09:03.082 INFO [stderr] stack backtrace:
Dec 01 13:09:03.082 INFO [stderr]    0:     0x563f38aa571f - std::sys::unix::backtrace::tracing::imp::unwind_backtrace::h3a8b83e1922cbdde
Dec 01 13:09:03.082 INFO [stderr]                                at libstd/sys/unix/backtrace/tracing/gcc_s.rs:49
Dec 01 13:09:03.082 INFO [stderr]    1:     0x563f38ab1c77 - std::sys_common::backtrace::print::h00d3155a29b4020f
Dec 01 13:09:03.082 INFO [stderr]                                at libstd/sys_common/backtrace.rs:71
Dec 01 13:09:03.082 INFO [stderr]                                at libstd/sys_common/backtrace.rs:59
Dec 01 13:09:03.082 INFO [stderr]    2:     0x563f38aaa92f - std::panicking::default_hook::{{closure}}::hd7465c742e79e1bb
Dec 01 13:09:03.082 INFO [stderr]                                at libstd/panicking.rs:211
Dec 01 13:09:03.082 INFO [stderr]    3:     0x563f38aaa694 - std::panicking::default_hook::h9e3966f2aa2a6e12
Dec 01 13:09:03.082 INFO [stderr]                                at libstd/panicking.rs:227
Dec 01 13:09:03.082 INFO [stderr]    4:     0x563f38aaafae - std::panicking::rust_panic_with_hook::h587f091ae747d080
Dec 01 13:09:03.082 INFO [stderr]                                at libstd/panicking.rs:476
Dec 01 13:09:03.082 INFO [stderr]    5:     0x563f38aaab51 - std::panicking::continue_panic_fmt::hb3a4fdede87f43a8
Dec 01 13:09:03.082 INFO [stderr]                                at libstd/panicking.rs:390
Dec 01 13:09:03.082 INFO [stderr]    6:     0x563f38aaaa9e - std::panicking::begin_panic_fmt::h387afc7da9a10555
Dec 01 13:09:03.082 INFO [stderr]                                at libstd/panicking.rs:345
Dec 01 13:09:03.082 INFO [stderr]    7:     0x563f38a2c966 - cmake::fail::hcd2e63fcaa220c82
Dec 01 13:09:03.082 INFO [stderr]                                at /cargo-home/registry/src/github.com-1ecc6299db9ec823/cmake-0.1.35/src/lib.rs:778
Dec 01 13:09:03.082 INFO [stderr]    8:     0x563f38a2c24b - cmake::run::hdfed138c33e80291
Dec 01 13:09:03.082 INFO [stderr]                                at /cargo-home/registry/src/github.com-1ecc6299db9ec823/cmake-0.1.35/src/lib.rs:759
Dec 01 13:09:03.082 INFO [stderr]    9:     0x563f38a287a6 - cmake::Config::build::h76cbbb2847bda161
Dec 01 13:09:03.082 INFO [stderr]                                at /cargo-home/registry/src/github.com-1ecc6299db9ec823/cmake-0.1.35/src/lib.rs:671
Dec 01 13:09:03.082 INFO [stderr]   10:     0x563f38a1a624 - cmake::build::h2c44d510a7e02779
Dec 01 13:09:03.082 INFO [stderr]                                at /cargo-home/registry/src/github.com-1ecc6299db9ec823/cmake-0.1.35/src/lib.rs:97
Dec 01 13:09:03.082 INFO [stderr]   11:     0x563f38a186ab - build_script_build::main::h5699d02158562530
Dec 01 13:09:03.082 INFO [stderr]                                at /cargo-home/registry/src/github.com-1ecc6299db9ec823/glsl-to-spirv-0.1.7/build/build.rs:37
Dec 01 13:09:03.082 INFO [stderr]   12:     0x563f38a197df - std::rt::lang_start::{{closure}}::h1a53f1a6e7e95d88
Dec 01 13:09:03.082 INFO [stderr]                                at libstd/rt.rs:74
Dec 01 13:09:03.082 INFO [stderr]   13:     0x563f38aaa9d2 - std::panicking::try::do_call::h52e7f80ff0fdcc45
Dec 01 13:09:03.082 INFO [stderr]                                at libstd/rt.rs:59
Dec 01 13:09:03.082 INFO [stderr]                                at libstd/panicking.rs:310
Dec 01 13:09:03.082 INFO [stderr]   14:     0x563f38abcc29 - __rust_maybe_catch_panic
Dec 01 13:09:03.082 INFO [stderr]                                at libpanic_unwind/lib.rs:102
Dec 01 13:09:03.082 INFO [stderr]   15:     0x563f38a9667a - std::rt::lang_start_internal::h38cae898de7f805c
Dec 01 13:09:03.082 INFO [stderr]                                at libstd/panicking.rs:289
Dec 01 13:09:03.082 INFO [stderr]                                at libstd/panic.rs:392
Dec 01 13:09:03.082 INFO [stderr]                                at libstd/rt.rs:58
Dec 01 13:09:03.082 INFO [stderr]   16:     0x563f38a197b8 - std::rt::lang_start::haad118566713735b
Dec 01 13:09:03.082 INFO [stderr]                                at libstd/rt.rs:74
Dec 01 13:09:03.082 INFO [stderr]   17:     0x563f38a18979 - main
Dec 01 13:09:03.082 INFO [stderr]   18:     0x7f85d5d2082f - __libc_start_main
Dec 01 13:09:03.082 INFO [stderr]   19:     0x563f38a17018 - _start
Dec 01 13:09:03.082 INFO [stderr]   20:                0x0 - <unknown>
Dec 01 13:09:03.083 INFO [stderr] 
Dec 01 13:09:03.083 INFO [stderr] warning: build failed, waiting for other jobs to finish...
Dec 01 13:09:16.854 INFO [stderr] error: build failed
Dec 01 13:09:16.857 INFO [stderr] su: No module specific data is present
Dec 01 13:09:17.419 INFO running `"docker" "inspect" "08b877ff8546efddbca1be11fbabb1a93e2d386d1470a8ba945239d89a050ddf"`
Dec 01 13:09:17.712 INFO running `"docker" "rm" "-f" "08b877ff8546efddbca1be11fbabb1a93e2d386d1470a8ba945239d89a050ddf"`
Dec 01 13:09:17.934 INFO [stdout] 08b877ff8546efddbca1be11fbabb1a93e2d386d1470a8ba945239d89a050ddf
